composite?
True
Let z be (-2)/4 - (-21225)/(-10). Let q(d) = 2*d**3 + 9*d**2 + 21*d + 8. Let p be q(-10). Let o = p - z. Is o composite?
False
Suppose -2*q + 48*s = 50*s - 69340, 103986 = 3*q - 5*s. Is q composite?
False
Let w(d) = -d**2 + 5*d + 17. Let g be w(10). Let b = -34 - g. Let r(f) = 24*f**2 + 3*f + 4. Is r(b) composite?
True
Let n(d) = -d**3 + 17*d**2 - 11*d - 14. Suppose 13*c - 77 = 6*c. Let k be n(c). Let z = k + -338. Is z a prime number?
False
Let i = -255263 + 392602. Is i a composite number?
False
Is 6463278/14 - (80/(-182) - 60/(-390)) prime?
False
Let k = 2394 - 4106. Let t = k + 2829. Is t a composite number?
False
Suppose -5*l + 9*l + 5*r = -17, 2*l + 3*r + 11 = 0. Is ((-2)/(-9) + (-324354)/(-108))*l a prime number?
True
Let w(o) = 4305*o - 2107. Is w(22) a composite number?
True
Let c be (-1870 + (1 - 5))*-7 - 6. Suppose 11*m = -33*m + c. Is m prime?
False
Suppose 138049 = 5*x + g, -43*x + 48*x - g = 138061. Is x composite?
False
Let v be -1 + 3/2 + 368151/94. Let u = v + 2382. Is u a composite number?
False
Let t(r) = -7844*r**3 + 12*r**2 + 7*r. Is t(-1) a composite number?
True
Let j(m) = -786*m**3 - 2*m**2 - 34*m - 1. Is j(-5) prime?
True
Let c be -35*((-114)/(-190) + (-1 - -1)). Let p(x) = -304*x + 107. Is p(c) a prime number?
True
Let t(m) = 4*m**2 + 2. Let u be t(2). Let v(k) = 4*k**2 - 22*k + 43. Let n be v(u). Let q = n - 456. Is q a prime number?
True
Let u(a) be the second derivative of a**5/20 - a**4/12 - a**3/3 + 24*a. Let s be u(2). Suppose b - 5 - 20 = s. Is b composite?
True
Let h = -10 + 13. Suppose 0 = 7*d - h*d + 12. Is 5 + 743 + (-2 - d)*-3 composite?
True
Suppose 1050190 = 77*d - 67*d. Is d prime?
True
Suppose -37*j - 53137 = -1910796. Is j composite?
False
Suppose 116*h - 2356614 - 1408518 = -341392. Is h a composite number?
True
Let m = 28 + -12. Suppose 15*d = m*d - 7815. Suppose 0 = -8*z + 5*z + d. Is z a prime number?
False
Let x(v) = v**3 + 23*v**2 - 88*v - 11. Is x(12) prime?
False
Suppose 8*l - 19790 = 5*n + 3*l, 0 = 4*n + 4*l + 15840. Let r = -1626 - n. Is r a composite number?
False
Let i(l) be the second derivative of -l**3/6 + 3*l**2/2 - 2*l. Let k be i(1). Suppose -5*s + 2*p + 0*p = -2095, 838 = 2*s + k*p. Is s composite?
False
Suppose -b - 2*u + 3*u = -1, -4*u = 4*b - 28. Suppose -b*h - 5*m + 41451 = 0, -3*h - 7*m = -3*m - 31087. Is h composite?
False
Suppose 3*m = -0*p + 3*p + 1371, 3*m = -3*p - 1365. Let d = p + 4165. Is d a prime number?
True
Suppose -2*s - 9852 = -4*s. Let f = 7633 - s. Suppose -3*w = -2*u + f, -2*w - 6825 = -5*u - 6*w. Is u a prime number?
True
Let a(g) = -46*g - 19. Suppose -72 + 192 = 3*f. Suppose -3*l = -25 + f. Is a(l) prime?
True
Suppose n = -3*t + 6, -10*t + 6*t + 12 = 2*n. Let b be (n - 32/5) + (-54)/(-10). Let j(q) = -q**3 + 9*q**2 + 5*q + 6. Is j(b) a prime number?
True
Is ((-1357842)/8)/((-429)/572) prime?
True
Let p = -203 - -205. Suppose 2*x = 2*c + 39178, p*x - x + c = 19589. Is x a prime number?
False
Suppose 9*b = 8*b + 4. Suppose s + 293 = f - b*s, -f = -3*s - 285. Let x = f + -8. Is x a composite number?
True
Let m(c) = 153*c - 197. Let r be 5226/325 + 6/(-75). Is m(r) a prime number?
True
Let r(i) = 122441*i**3 - 8*i**2 + 7*i + 3. Is r(1) a composite number?
False
Let a(m) = -m**2 - 7*m - 4. Let s be a(-6). Suppose 5940 = -2*w - s*w. Let f = -688 - w. Is f a composite number?
False
Let j(v) = 1598*v + 56. Let a be j(8). Suppose 0 = -n - n - m + a, -2*n = -4*m - 12850. Is n a prime number?
True
Let n(b) = 4*b - 6*b - 31 + 22. Let c be n(-5). Is 9566/((-2)/((2 + -3)/c)) a composite number?
False
Let t = -394760 + 554749. Is t a composite number?
True
Let x(z) = -71*z**2 - 11*z + 9. Let n(h) = -71*h**2 - 9*h + 9. Let k(y) = -4*n(y) + 3*x(y). Is k(-7) prime?
True
Let f = 24336 + -44191. Let b = -10970 - f. Is b a composite number?
True
Suppose 0*q = -q - 2, -3*x + 2*q = -2728. Let f = x - -3791. Is f a composite number?
True
Let v = 615 - 589. Suppose 717010 = -12*i + v*i. Is i a prime number?
False
Let l be 344475/((-72)/8) + 8. Let i = l - -64408. Is i composite?
False
Let y(m) = 2*m + 180. Let d be y(0). Suppose -4*r + 276 = -r + 3*k, 2*r = 2*k + d. Let o = 212 + r. Is o a composite number?
True
Let m(d) = 0 - 1 + 8*d**2 - 10*d - d**3 + 20*d. Let c be m(9). Let l(v) = v**2 - 11. Is l(c) prime?
True
Is 18 + (0 - -30619) + -20 a composite number?
True
Let b = 2615951 - 1375066. Is b a prime number?
False
Let s be (-625480)/240 + 1/6. Let r = 4029 + s. Is r a composite number?
False
Suppose 2 + 6 = 2*p. Suppose 0 = p*l + 1332 - 200. Let h = 1080 - l. Is h a composite number?
True
Suppose -656401 - 529991 = -12*d. Is d prime?
False
Let t(d) = 198615*d + 3137. Is t(6) composite?
True
Suppose 2149478 = 7*m - 3*i, 7*m - 5*m - 614149 = 5*i. Is m a composite number?
False
Suppose -6*f - 18*f + 170448 = 0. Suppose -4*h = -2*p - 4438 - f, 3*h - 8655 = -2*p. Is h a composite number?
True
Let m = 2007 - 880. Suppose 5*s = s - 640. Let b = m + s. Is b a prime number?
True
Let q(g) = 4*g**2 + 17*g + 146. Let b(a) = 4*a**2 - a - 29. Let p be b(0). Is q(p) composite?
True
Let o be 1/((-2)/(-7582)) - 1. Suppose o = 14*j - 2496. Is j a composite number?
False
Suppose 0 = 299*q - 344*q + 8263305. Is q a composite number?
True
Suppose -5*m + 11423 - 3053 = -2*u, -4*m + 12548 = -3*u. Is (4 - (u - (-12)/4)) + 2 prime?
False
Let l be (-19044)/(-621)*((-14)/4 - 1). Let k = 2549 + l. Is k a prime number?
True
Let i(h) = h + 3. Let y(k) = -380*k + 11. Let d(b) = 6*i(b) + y(b). Is d(-3) composite?
False
Suppose -51 = -2*q + 19. Suppose 4*p = q - 19. Let n(u) = -2*u**3 + 10*u**2 - 2*u + 2. Is n(p) a prime number?
False
Suppose 0 = 4*r - 2*b + 2148, r - 2*b - 41 = -578. Suppose 0 = -2*y + 6*y + 1088. Let t = y - r. Is t a composite number?
True
Let d = 22009 + 2432. Is d a composite number?
True
Let v = 36098 + 3863. Is v a prime number?
False
Let n(h) be the first derivative of -h**4/4 - 2*h**3 + 3*h**2 - 5*h + 16. Let a be n(-7). Is a + 814 + (-5)/5 a composite number?
True
Suppose 2*r - 3 = r. Let u be (3/r)/1 + 1. Suppose -5*g - 2685 = -5*t - g, 10 = u*g. Is t a composite number?
False
Let i be 3/30*4 + 152/20. Suppose 3*a - i*a = -y - 1969, 2*a + 2*y - 778 = 0. Is a prime?
False
Suppose 90 = -9*u + 39*u. Suppose d + 5*q = 1808, -u*d + 5373 = -3*q + q. Is d composite?
True
Is (-5920767)/(-15) + (848/(-560) - 10/(-14)) prime?
True
Let k be -103*4/24 - (-3)/18. Let f(g) = 35*g**2 - 8*g - 92. Is f(k) a composite number?
False
Let w(g) = -4*g**3 + 9*g**2 + 4*g - 1. Let y = -21 + 13. Is w(y) composite?
False
Let w(f) = -5*f**3 - 229*f**2 - 61*f - 234. Is w(-55) composite?
False
Suppose 3*b = -21, 0 = 52*n - 50*n - 5*b - 330601. Is n a composite number?
True
Let p be 4/3*(-15)/10. Let j be 8/(-12)*(-5)/p*-39. Let b = j + 156. Is b a composite number?
True
Let r = 65557 + -44453. Let l = r + -40130. Is l/(-24) + 2/8 prime?
False
Suppose -8*y + 122 = -486. Let t = y + -30. Suppose 3*u - 617 = t. Is u a prime number?
False
Suppose 7*o - 16*o = 5265. Let z = 3622 + o. Is z a prime number?
True
Suppose -9*m + 11*m = -8. Is 6*((-3493)/(-6) + m/12) composite?
False
Let v(x) = -x**2 + 13*x - 11. Let j be v(8). Suppose 15*f - 2920 = -58*f. Suppose 0 = -3*m + f + j. Is m prime?
True
Let o(f) = -140*f**3 + f**2 - 10*f - 7. Let q be o(4). Let i = q + 19589. Suppose -10*r + i = 3088. Is r prime?
True
Let f(b) = -58*b**2 + 19*b - 18. Let n(t) = 115*t**2 - 37*t + 34. Let a(r) = 5*f(r) + 3*n(r). Is a(-19) prime?
False
Is (-5926932)/(-112) + 8/(-224) a composite number?
False
Suppose 2*a + 2*l - 64 - 2146 = 0, -5*a + 4*l = -5561. Let h = a + -322. Is h composite?
False
Suppose -w - 274938 = -4*t, -35*w = -12*t - 34*w + 824810. Is t a composite number?
True
Let i(o) = -4*o**2 + 29*o - 7. Let v be i(7). Suppose v = r - 16000 - 1623. Is r prime?
True
Let j(l) = 189*l + 93. Suppose -52 = 5*v - 112. Is j(v) prime?
False
Let p = 53889 - 32548. Is p prime?
True
Is 2193382/24 - (-46)/552 prime?
False
Let j(q) = 114*q**3 + 3*q - 2. Suppose 0 = 2*p - 2*s - 30, p - 7*s = -9*s + 30. Suppose 0 = p*t - 16*t - 4. Is j(t) prime?
False
Suppose -3*o + z + 13 = 0, o + 3*o - z - 16 = 0. Suppose -2*b - o*b = 5. Is 557 + b - (-5 - -4) composite?
False
Suppose 3*w + 272716 = n, n + 4*w - 272730 = -0*n. Suppose 24*i =